r when 250 is divided by 21?
19
What is the remainder when 4997 is divided by 200?
197
What is the remainder when 5741 is divided by 6?
5
What is the remainder when 92 is divided by 34?
24
What is the remainder when 753 is divided by 36?
33
Calculate the remainder when 121 is divided by 33.
22
Calculate the remainder when 2048 is divided by 33.
2
What is the remainder when 133 is divided by 42?
7
What is the remainder when 1259 is divided by 258?
227
Calculate the remainder when 1220 is divided by 47.
45
What is the remainder when 6247 is divided by 7?
3
Calculate the remainder when 483 is divided by 18.
15
Calculate the remainder when 232 is divided by 110.
12
Calculate the remainder when 46 is divided by 30.
16
What is the remainder when 106 is divided by 17?
4
Calculate the remainder when 170 is divided by 47.
29
What is the remainder when 734 is divided by 16?
14
What is the remainder when 84 is divided by 22?
18
What is the remainder when 89 is divided by 10?
9
What is the remainder when 8440 is divided by 21?
19
What is the remainder when 167 is divided by 95?
72
What is the remainder when 23081 is divided by 58?
55
Calculate the remainder when 115 is divided by 25.
15
Calculate the remainder when 4413 is divided by 192.
189
Calculate the remainder when 1047 is divided by 35.
32
What is the remainder when 108 is divided by 19?
13
Calculate the remainder when 663 is divided by 230.
203
What is the remainder when 236 is divided by 14?
12
Calculate the remainder when 67 is divided by 61.
6
What is the remainder when 3980 is divided by 24?
20
Calculate the remainder when 65 is divided by 24.
17
Calculate the remainder when 5286 is divided by 46.
42
Calculate the remainder when 5758 is divided by 40.
38
What is the remainder when 249 is divided by 14?
11
What is the remainder when 2377 is divided by 17?
14
What is the remainder when 333 is divided by 48?
45
Calculate the remainder when 7805 is divided by 57.
53
Calculate the remainder when 310 is divided by 45.
40
What is the remainder when 170 is divided by 85?
0
Calculate the remainder when 98 is divided by 20.
18
What is the remainder when 6505 is divided by 155?
150
Calculate the remainder when 1227 is divided by 10.
7
What is the remainder when 923 is divided by 56?
27
What is the remainder when 1329 is divided by 101?
16
Calculate the remainder when 173 is divided by 25.
23
Calculate the remainder when 292 is divided by 30.
22
Calculate the remainder when 1186 is divided by 134.
114
What is the remainder when 750 is divided by 35?
15
Calculate the remainder when 40 is divided by 28.
12
What is the remainder when 1835 is divided by 369?
359
What is the remainder when 1123 is divided by 560?
3
What is the remainder when 70 is divided by 19?
13
Calculate the remainder when 986 is divided by 99.
95
Calculate the remainder when 68 is divided by 10.
8
Calculate the remainder when 307 is divided by 47.
25
Calculate the remainder when 253 is divided by 68.
49
What is the remainder when 15769 is divided by 116?
109
What is the remainder when 125 is divided by 64?
61
Calculate the remainder when 763 is divided by 18.
7
What is the remainder when 412 is divided by 137?
1
What is the remainder when 11 is divided by 7?
4
Calculate the remainder when 1467 is divided by 98.
95
What is the remainder when 92 is divided by 20?
12
What is the remainder when 371 is divided by 59?
17
Calculate the remainder when 41 is divided by 6.
5
What is the remainder when 126 is divided by 30?
6
Calculate the remainder when 110 is divided by 54.
2
What is the remainder when 596 is divided by 23?
21
Calculate the remainder when 42 is divided by 16.
10
Calculate the remainder when 204 is divided by 15.
9
Calculate the remainder when 29705 is divided by 28.
25
Calculate the remainder when 4523 is divided by 5.
3
What is the remainder when 2923 is divided by 576?
43
What is the remainder when 9514 is divided by 52?
50
What is the remainder when 340 is divided by 9?
7
Calculate the remainder when 863 is divided by 16.
15
Calculate the remainder when 5615 is divided by 26.
25
Calculate the remainder when 27 is divided by 9.
0
Calculate the remainder when 786 is divided by 134.
116
Calculate the remainder when 1701 is divided by 11.
7
What is the remainder when 110 is divided by 9?
2
Calculate the remainder when 274 is divided by 222.
52
Calculate the remainder when 496 is divided by 165.
1
What is the remainder when 38 is divided by 13?
12
What is the remainder when 52 is divided by 19?
14
Calculate the remainder when 3826 is divided by 87.
85
What is the remainder when 607 is divided by 99?
13
What is the remainder when 867 is divided by 177?
159
Calculate the remainder when 1472 is divided by 18.
14
Calculate the remainder when 70 is divided by 37.
33
What is the remainder when 2098 is divided by 1?
0
Calculate the remainder when 59 is divided by 12.
11
What is the remainder when 44 is divided by 10?
4
Calculate the remainder when 7662 is divided by 3829.
4
Calculate the remainder when 177 is divided by 89.
88
Calculate the remainder when 1549 is divided by 195.
184
What is the remainder when 256 is divided by 54?
40
What is the remainder when 486 is divided by 3?
0
Calculate the remainder when 798 is divided by 214.
156
What is the remainder when 15615 is divided by 71?
66
What is the remainder when 5871 is divided by 22?
19
What is the remainder when 81 is divided by 26?
3
Calculate the remainder when 3331 is divided by 101.
99
Calculate the remainder when 634 is divided by 13.
10
What is the remainder when 1239 is divided by 54?
51
What is the remainder when 8 is divided by 5?
3
What is the remainder when 338 is divided by 31?
28
Calculate the remainder when 401 is divided by 274.
127
Calculate the remainder when 1152 is divided by 90.
72
What is the remainder when 63 is divided by 32?
31
What is the remainder when 2126 is divided by 56?
54
What is the remainder when 4076 is divided by 15?
11
What is the remainder when 458 is divided by 92?
90
What is the remainder when 681 is divided by 76?
73
What is the remainder when 799 is divided by 32?
31
Calculate the remainder when 364 is divided by 61.
59
What is the remainder when 426 is divided by 14?
6
What is the remainder when 2847 is divided by 320?
287
What is the remainder when 3693 is divided by 56?
53
What is the remainder when 925 is divided by 273?
106
What is the remainder when 161 is divided by 27?
26
Calculate the remainder when 1355 is divided by 59.
57
What is the remainder when 9921 is divided by 82?
81
Calculate the remainder when 1209 is divided by 1191.
18
What is the remainder when 490 is divided by 71?
64
Calculate the remainder when 1355 is divided by 14.
11
What is the remainder when 212 is divided by 22?
14
What is the remainder when 3044 is divided by 42?
20
Calculate the remainder when 2663 is divided by 41.
39
What is the remainder when 27 is divided by 10?
7
Calculate the remainder when 192 is divided by 58.
18
What is the remainder when 116 is divided by 17?
14
Calculate the remainder when 215 is divided by 128.
87
What is the remainder when 138 is divided by 86?
52
Calculate the remainder when 619 is divided by 89.
85
Calculate the remainder when 54 is divided by 11.
10
Calculate the remainder when 1463 is divided by 135.
113
Calculate the remainder when 481 is divided by 29.
17
Calculate the remainder when 239 is divided by 16.
15
Calculate the remainder when 371 is divided by 55.
41
Calculate the remainder when 1009 is divided by 44.
41
What is the remainder when 705 is divided by 51?
42
What is the remainder when 230 is divided by 29?
27
Calculate the remainder when 3255 is divided by 88.
87
Calculate the remainder when 759 is divided by 125.
9
What is the remainder when 371 is divided by 3?
2
What is the remainder when 183 is divided by 50?
33
Calculate the remainder when 804 is divided by 252.
48
What is the remainder when 473 is divided by 48?
41
What is the remainder when 3631 is divided by 130?
121
Calculate the remainder when 1228 is divided by 77.
73
Calculate the remainder when 272 is divided by 69.
65
Calculate the remainder when 4224 is divided by 169.
168
What is the remainder when 248 is divided by 42?
38
What is the remainde